{"id":8771,"date":"2026-03-21T14:50:17","date_gmt":"2026-03-21T14:50:17","guid":{"rendered":"https:\/\/www.vetinnovate.com\/?page_id=8771"},"modified":"2026-03-21T14:50:43","modified_gmt":"2026-03-21T14:50:43","slug":"video-otoskop","status":"publish","type":"page","link":"https:\/\/www.vetinnovate.com\/index.php\/video-otoskop\/","title":{"rendered":"Video Otoskop"},"content":{"rendered":"\t\t<div data-elementor-type=\"wp-page\" data-elementor-id=\"8771\" class=\"elementor elementor-8771\" data-elementor-settings=\"[]\">\n\t\t\t\t\t\t<div class=\"elementor-inner\">\n\t\t\t\t\t\t\t<div class=\"elementor-section-wrap\">\n\t\t\t\t\t\t\t<section class=\"elementor-section elementor-top-section elementor-element elementor-element-48f84ae elementor-section-boxed elementor-section-height-default elementor-section-height-default\" data-id=\"48f84ae\" data-element_type=\"section\">\n\t\t\t\t\t\t<div class=\"elementor-container elementor-column-gap-default\">\n\t\t\t\t\t\t\t<div class=\"elementor-row\">\n\t\t\t\t\t<div class=\"elementor-column elementor-col-100 elementor-top-column elementor-element elementor-element-e40e54f\" data-id=\"e40e54f\" data-element_type=\"column\">\n\t\t\t<div class=\"elementor-column-wrap elementor-element-populated\">\n\t\t\t\t\t\t\t<div class=\"elementor-widget-wrap\">\n\t\t\t\t\t\t<div class=\"elementor-element elementor-element-14e733a elementor-widget elementor-widget-heading\" data-id=\"14e733a\" data-element_type=\"widget\" data-widget_type=\"heading.default\">\n\t\t\t\t<div class=\"elementor-widget-container\">\n\t\t\t<h2 class=\"elementor-heading-title elementor-size-default\">Elite Vet Video Otoskop<\/h2>\t\t<\/div>\n\t\t\t\t<\/div>\n\t\t\t\t\t\t<\/div>\n\t\t\t\t\t<\/div>\n\t\t<\/div>\n\t\t\t\t\t\t\t\t<\/div>\n\t\t\t\t\t<\/div>\n\t\t<\/section>\n\t\t\t\t<section class=\"elementor-section elementor-top-section elementor-element elementor-element-7c02f2f3 elementor-section-boxed elementor-section-height-default elementor-section-height-default\" data-id=\"7c02f2f3\" data-element_type=\"section\" data-settings=\"{&quot;background_background&quot;:&quot;classic&quot;}\">\n\t\t\t\t\t\t<div class=\"elementor-container elementor-column-gap-no\">\n\t\t\t\t\t\t\t<div class=\"elementor-row\">\n\t\t\t\t\t<div class=\"elementor-column elementor-col-50 elementor-top-column elementor-element elementor-element-9b8d2f0\" data-id=\"9b8d2f0\" data-element_type=\"column\">\n\t\t\t<div class=\"elementor-column-wrap elementor-element-populated\">\n\t\t\t\t\t\t\t<div class=\"elementor-widget-wrap\">\n\t\t\t\t\t\t<div class=\"elementor-element elementor-element-ea6f333 elementor-widget elementor-widget-image\" data-id=\"ea6f333\" data-element_type=\"widget\" data-widget_type=\"image.default\">\n\t\t\t\t<div class=\"elementor-widget-container\">\n\t\t\t\t\t<div class=\"elementor-image\">\n\t\t\t\t\t\t\t\t\t\t<img loading=\"lazy\" decoding=\"async\" width=\"683\" height=\"1024\" src=\"https:\/\/www.vetinnovate.com\/wp-content\/uploads\/2026\/03\/Elite-VET-ile-gelismis-teshis-teknolojisi-683x1024.png\" class=\"attachment-large size-large\" alt=\"\" srcset=\"https:\/\/www.vetinnovate.com\/wp-content\/uploads\/2026\/03\/Elite-VET-ile-gelismis-teshis-teknolojisi-683x1024.png 683w, https:\/\/www.vetinnovate.com\/wp-content\/uploads\/2026\/03\/Elite-VET-ile-gelismis-teshis-teknolojisi-200x300.png 200w, https:\/\/www.vetinnovate.com\/wp-content\/uploads\/2026\/03\/Elite-VET-ile-gelismis-teshis-teknolojisi-768x1152.png 768w, https:\/\/www.vetinnovate.com\/wp-content\/uploads\/2026\/03\/Elite-VET-ile-gelismis-teshis-teknolojisi.png 1024w\" sizes=\"auto, (max-width: 683px) 100vw, 683px\" \/>\t\t\t\t\t\t\t\t\t\t\t<\/div>\n\t\t\t\t<\/div>\n\t\t\t\t<\/div>\n\t\t\t\t\t\t<\/div>\n\t\t\t\t\t<\/div>\n\t\t<\/div>\n\t\t\t\t<div class=\"elementor-column elementor-col-50 elementor-top-column elementor-element elementor-element-188dd4d9\" data-id=\"188dd4d9\" data-element_type=\"column\">\n\t\t\t<div class=\"elementor-column-wrap elementor-element-populated\">\n\t\t\t\t\t\t\t<div class=\"elementor-widget-wrap\">\n\t\t\t\t\t\t<div class=\"elementor-element elementor-element-733b8a3b elementor-widget elementor-widget-text-editor\" data-id=\"733b8a3b\" data-element_type=\"widget\" data-widget_type=\"text-editor.default\">\n\t\t\t\t<div class=\"elementor-widget-container\">\n\t\t\t\t\t<div class=\"elementor-text-editor elementor-clearfix\"><p style=\"padding-left: 40px;\" data-start=\"138\" data-end=\"593\"><strong data-start=\"138\" data-end=\"165\">Elite VET video otoskop<\/strong>, veteriner kliniklerinde kulak enfeksiyonlar\u0131, nazal i\u015flemler, yabanc\u0131 cisimler, irritasyonlar, kitleler ve benzeri olgularda daha net, h\u0131zl\u0131 ve kontroll\u00fc de\u011ferlendirme yap\u0131lmas\u0131na yard\u0131mc\u0131 olan geli\u015fmi\u015f bir g\u00f6r\u00fcnt\u00fcleme sistemidir.&nbsp;<\/p>\n<p style=\"padding-left: 40px;\" data-start=\"138\" data-end=\"593\">Full HD g\u00f6r\u00fcnt\u00fc kalitesi, \u00e7ift LED ayd\u0131nlatma ve esnek uzun prob yap\u0131s\u0131 sayesinde kulak kanal\u0131nda detayl\u0131 g\u00f6r\u00fcnt\u00fc elde edilmesini destekler; bu da tan\u0131 s\u00fcrecini kolayla\u015ft\u0131r\u0131r ve klinik karar alma h\u0131z\u0131n\u0131 art\u0131r\u0131r.<\/p>\n<p style=\"padding-left: 40px;\" data-start=\"595\" data-end=\"1099\">Canl\u0131 g\u00f6r\u00fcnt\u00fc payla\u015f\u0131m\u0131 \u00f6zelli\u011fi sayesinde yaln\u0131zca hekim i\u00e7in de\u011fil, hasta sahibi ileti\u015fimi a\u00e7\u0131s\u0131ndan da g\u00fc\u00e7l\u00fc bir avantaj sunar. Muayene s\u0131ras\u0131nda elde edilen g\u00f6r\u00fcnt\u00fclerin anl\u0131k olarak g\u00f6sterilebilmesi, vakalar\u0131n daha anla\u015f\u0131l\u0131r anlat\u0131lmas\u0131na ve tedavi plan\u0131n\u0131n daha g\u00fcven verici \u015fekilde sunulmas\u0131na katk\u0131 sa\u011flar.&nbsp;<\/p>\n<p style=\"padding-left: 40px;\" data-start=\"595\" data-end=\"1099\">Hafif, portatif ve kullan\u0131c\u0131 dostu tasar\u0131m\u0131yla Elite VET, g\u00fcnl\u00fck klinik kullan\u0131mda pratiklik sunarken; geli\u015fmi\u015f g\u00f6r\u00fcnt\u00fcleme kapasitesi ile modern veteriner prati\u011fine g\u00fc\u00e7l\u00fc bir destek verir.<\/p>\n<p style=\"padding-left: 40px;\" data-start=\"1170\" data-end=\"1781\"><strong data-start=\"1170\" data-end=\"1197\">Elite VET video otoskop<\/strong>, veteriner hekimlerin kulak muayenelerinde daha net g\u00f6r\u00fcnt\u00fc, daha h\u0131zl\u0131 de\u011ferlendirme ve daha g\u00fcvenli m\u00fcdahale sa\u011flamas\u0131na yard\u0131mc\u0131 olan yeni nesil bir g\u00f6r\u00fcnt\u00fcleme \u00e7\u00f6z\u00fcm\u00fcd\u00fcr.&nbsp;<\/p><\/div>\n\t\t\t\t<\/div>\n\t\t\t\t<\/div>\n\t\t\t\t\t\t<\/div>\n\t\t\t\t\t<\/div>\n\t\t<\/div>\n\t\t\t\t\t\t\t\t<\/div>\n\t\t\t\t\t<\/div>\n\t\t<\/section>\n\t\t\t\t\t\t<\/div>\n\t\t\t\t\t\t<\/div>\n\t\t\t\t\t<\/div>\n\t\t","protected":false},"excerpt":{"rendered":"<p>Elite Vet Video Otoskop Elite VET video otoskop, veteriner kliniklerinde kulak enfeksiyonlar\u0131, nazal i\u015flemler, yabanc\u0131 cisimler, irritasyonlar, kitleler ve benzeri olgularda daha net, h\u0131zl\u0131 ve kontroll\u00fc de\u011ferlendirme yap\u0131lmas\u0131na yard\u0131mc\u0131 olan geli\u015fmi\u015f bir g\u00f6r\u00fcnt\u00fcleme sistemidir.&nbsp; Full HD g\u00f6r\u00fcnt\u00fc kalitesi, \u00e7ift LED ayd\u0131nlatma ve esnek uzun prob yap\u0131s\u0131 sayesinde kulak kanal\u0131nda detayl\u0131 g\u00f6r\u00fcnt\u00fc elde edilmesini destekler; bu [&hellip;]<\/p>\n","protected":false},"author":1,"featured_media":0,"parent":0,"menu_order":0,"comment_status":"closed","ping_status":"closed","template":"","meta":{"site-sidebar-layout":"no-sidebar","site-content-layout":"page-builder","ast-site-content-layout":"","site-content-style":"default","site-sidebar-style":"default","ast-global-header-display":"","ast-banner-title-visibility":"","ast-main-header-display":"","ast-hfb-above-header-display":"","ast-hfb-below-header-display":"","ast-hfb-mobile-header-display":"","site-post-title":"disabled","ast-breadcrumbs-content":"","ast-featured-img":"disabled","footer-sml-layout":"","theme-transparent-header-meta":"default","adv-header-id-meta":"","stick-header-meta":"","header-above-stick-meta":"","header-main-stick-meta":"","header-below-stick-meta":"","astra-migrate-meta-layouts":"default","ast-page-background-enabled":"default","ast-page-background-meta":{"desktop":{"background-color":"var(--ast-global-color-4)","background-image":"","background-repeat":"repeat","background-position":"center center","background-size":"auto","background-attachment":"scroll","background-type":"","background-media":"","overlay-type":"","overlay-color":"","overlay-opacity":"","overlay-gradient":""},"tablet":{"background-color":"","background-image":"","background-repeat":"repeat","background-position":"center center","background-size":"auto","background-attachment":"scroll","background-type":"","background-media":"","overlay-type":"","overlay-color":"","overlay-opacity":"","overlay-gradient":""},"mobile":{"background-color":"","background-image":"","background-repeat":"repeat","background-position":"center center","background-size":"auto","background-attachment":"scroll","background-type":"","background-media":"","overlay-type":"","overlay-color":"","overlay-opacity":"","overlay-gradient":""}},"ast-content-background-meta":{"desktop":{"background-color":"var(--ast-global-color-5)","background-image":"","background-repeat":"repeat","background-position":"center center","background-size":"auto","background-attachment":"scroll","background-type":"","background-media":"","overlay-type":"","overlay-color":"","overlay-opacity":"","overlay-gradient":""},"tablet":{"background-color":"var(--ast-global-color-5)","background-image":"","background-repeat":"repeat","background-position":"center center","background-size":"auto","background-attachment":"scroll","background-type":"","background-media":"","overlay-type":"","overlay-color":"","overlay-opacity":"","overlay-gradient":""},"mobile":{"background-color":"var(--ast-global-color-5)","background-image":"","background-repeat":"repeat","background-position":"center center","background-size":"auto","background-attachment":"scroll","background-type":"","background-media":"","overlay-type":"","overlay-color":"","overlay-opacity":"","overlay-gradient":""}},"footnotes":""},"class_list":["post-8771","page","type-page","status-publish","hentry"],"_links":{"self":[{"href":"https:\/\/www.vetinnovate.com\/index.php\/wp-json\/wp\/v2\/pages\/8771","targetHints":{"allow":["GET"]}}],"collection":[{"href":"https:\/\/www.vetinnovate.com\/index.php\/wp-json\/wp\/v2\/pages"}],"about":[{"href":"https:\/\/www.vetinnovate.com\/index.php\/wp-json\/wp\/v2\/types\/page"}],"author":[{"embeddable":true,"href":"https:\/\/www.vetinnovate.com\/index.php\/wp-json\/wp\/v2\/users\/1"}],"replies":[{"embeddable":true,"href":"https:\/\/www.vetinnovate.com\/index.php\/wp-json\/wp\/v2\/comments?post=8771"}],"version-history":[{"count":4,"href":"https:\/\/www.vetinnovate.com\/index.php\/wp-json\/wp\/v2\/pages\/8771\/revisions"}],"predecessor-version":[{"id":8776,"href":"https:\/\/www.vetinnovate.com\/index.php\/wp-json\/wp\/v2\/pages\/8771\/revisions\/8776"}],"wp:attachment":[{"href":"https:\/\/www.vetinnovate.com\/index.php\/wp-json\/wp\/v2\/media?parent=8771"}],"curies":[{"name":"wp","href":"https:\/\/api.w.org\/{rel}","templated":true}]}}