{"id":7747,"date":"2021-10-28T22:31:30","date_gmt":"2021-10-28T22:31:30","guid":{"rendered":"http:\/\/www.vetinnovate.com\/?page_id=7747"},"modified":"2026-03-22T14:00:10","modified_gmt":"2026-03-22T14:00:10","slug":"stimvet-4000","status":"publish","type":"page","link":"https:\/\/www.vetinnovate.com\/index.php\/stimvet-4000\/","title":{"rendered":"StimVet 4000"},"content":{"rendered":"\t\t<div data-elementor-type=\"wp-page\" data-elementor-id=\"7747\" class=\"elementor elementor-7747\" data-elementor-settings=\"[]\">\n\t\t\t\t\t\t<div class=\"elementor-inner\">\n\t\t\t\t\t\t\t<div class=\"elementor-section-wrap\">\n\t\t\t\t\t\t\t<section class=\"elementor-section elementor-top-section elementor-element elementor-element-24da546b elementor-section-boxed elementor-section-height-default elementor-section-height-default\" data-id=\"24da546b\" data-element_type=\"section\" data-settings=\"{&quot;background_background&quot;:&quot;classic&quot;}\">\n\t\t\t\t\t\t<div class=\"elementor-container elementor-column-gap-no\">\n\t\t\t\t\t\t\t<div class=\"elementor-row\">\n\t\t\t\t\t<div class=\"elementor-column elementor-col-50 elementor-top-column elementor-element elementor-element-195702af\" data-id=\"195702af\" data-element_type=\"column\">\n\t\t\t<div class=\"elementor-column-wrap elementor-element-populated\">\n\t\t\t\t\t\t\t<div class=\"elementor-widget-wrap\">\n\t\t\t\t\t\t<div class=\"elementor-element elementor-element-f4fee11 elementor-widget elementor-widget-image\" data-id=\"f4fee11\" data-element_type=\"widget\" data-widget_type=\"image.default\">\n\t\t\t\t<div class=\"elementor-widget-container\">\n\t\t\t\t\t<div class=\"elementor-image\">\n\t\t\t\t\t\t\t\t\t\t<img loading=\"lazy\" decoding=\"async\" width=\"644\" height=\"797\" src=\"https:\/\/www.vetinnovate.com\/wp-content\/uploads\/2021\/10\/STIMVet-4000_03_2019.png\" class=\"attachment-large size-large\" alt=\"\" srcset=\"https:\/\/www.vetinnovate.com\/wp-content\/uploads\/2021\/10\/STIMVet-4000_03_2019.png 644w, https:\/\/www.vetinnovate.com\/wp-content\/uploads\/2021\/10\/STIMVet-4000_03_2019-242x300.png 242w\" sizes=\"auto, (max-width: 644px) 100vw, 644px\" \/>\t\t\t\t\t\t\t\t\t\t\t<\/div>\n\t\t\t\t<\/div>\n\t\t\t\t<\/div>\n\t\t\t\t\t\t<\/div>\n\t\t\t\t\t<\/div>\n\t\t<\/div>\n\t\t\t\t<div class=\"elementor-column elementor-col-50 elementor-top-column elementor-element elementor-element-29a6a942\" data-id=\"29a6a942\" data-element_type=\"column\">\n\t\t\t<div class=\"elementor-column-wrap elementor-element-populated\">\n\t\t\t\t\t\t\t<div class=\"elementor-widget-wrap\">\n\t\t\t\t\t\t<div class=\"elementor-element elementor-element-86af37b elementor-widget elementor-widget-heading\" data-id=\"86af37b\" data-element_type=\"widget\" data-widget_type=\"heading.default\">\n\t\t\t\t<div class=\"elementor-widget-container\">\n\t\t\t<h2 class=\"elementor-heading-title elementor-size-default\">StimVet 4000<\/h2>\t\t<\/div>\n\t\t\t\t<\/div>\n\t\t\t\t<div class=\"elementor-element elementor-element-5fc65caf elementor-widget elementor-widget-text-editor\" data-id=\"5fc65caf\" data-element_type=\"widget\" data-widget_type=\"text-editor.default\">\n\t\t\t\t<div class=\"elementor-widget-container\">\n\t\t\t\t\t<div class=\"elementor-text-editor elementor-clearfix\"><p style=\"text-align: left; padding-left: 40px;\">StimVet 4000, evcil hayvanlar\u0131n ve atlar\u0131n kasl\u0131 ve analjezik elektrostim\u00fclasyonu i\u00e7in kullan\u0131lan bir cihazd\u0131r. <br \/>Veteriner tens cihaz\u0131m\u0131zda, bir \u00e7ok hastal\u0131k men\u00fcs\u00fc ve hastal\u0131klara uygun tedavi programlar\u0131 mevcuttur.\u00a0<br \/>4 kanall\u0131 cihaz bu sayede bir \u00e7ok hayvana ayn\u0131 anda tedavi imkan\u0131 sa\u011flar. <br \/>\u015earj edilebilir bataryas\u0131 ile \u00f6zg\u00fcr kullan\u0131m sa\u011flar.<br \/>Rehabilitasyon ve veteriner fizik tedavide elektrik ak\u0131m\u0131 iki temel ama\u00e7 i\u00e7in kullan\u0131l\u0131r: a\u011fr\u0131 alg\u0131s\u0131n\u0131n azalt\u0131lmas\u0131 ve kaslar\u0131n uyar\u0131lmas\u0131 i\u00e7in.<\/p><p style=\"text-align: left; padding-left: 40px;\">Cihaz TENS ve EMS olarak iki temel tedavi sunar.<\/p><p style=\"text-align: left; padding-left: 40px;\">TENS yani transkutan\u00f6z elektriksel sinir stim\u00fclasyonu, kelime anlam\u0131 olarak; deri yoluyla elektriksel sinir uyar\u0131m\u0131 anlam\u0131na gelir. A\u011fr\u0131lar\u0131 azalt\u0131r ve sinirleri uyar\u0131r. ATP \u00fcretimi sa\u011flayarak iyile\u015fmeye yard\u0131mc\u0131 olur.<\/p><p style=\"text-align: left; padding-left: 40px;\">EMS, (Electro Muscle Stimulation) elektriksel kas uyar\u0131m\u0131, motor sinirleri uyararak kaslarda ekstra kas\u0131lma sa\u011flar. Yani kaslar\u0131 uyar\u0131p g\u00fc\u00e7lendirir. Kas\u0131l\u0131p gev\u015feyen mekanizmaya sahiptir ve kan dola\u015f\u0131m\u0131n\u0131 h\u0131zland\u0131r\u0131r.<\/p><\/div>\n\t\t\t\t<\/div>\n\t\t\t\t<\/div>\n\t\t\t\t\t\t<\/div>\n\t\t\t\t\t<\/div>\n\t\t<\/div>\n\t\t\t\t\t\t\t\t<\/div>\n\t\t\t\t\t<\/div>\n\t\t<\/section>\n\t\t\t\t\t\t<\/div>\n\t\t\t\t\t\t<\/div>\n\t\t\t\t\t<\/div>\n\t\t","protected":false},"excerpt":{"rendered":"<p>StimVet 4000 StimVet 4000, evcil hayvanlar\u0131n ve atlar\u0131n kasl\u0131 ve analjezik elektrostim\u00fclasyonu i\u00e7in kullan\u0131lan bir cihazd\u0131r. Veteriner tens cihaz\u0131m\u0131zda, bir \u00e7ok hastal\u0131k men\u00fcs\u00fc ve hastal\u0131klara uygun tedavi programlar\u0131 mevcuttur.\u00a04 kanall\u0131 cihaz bu sayede bir \u00e7ok hayvana ayn\u0131 anda tedavi imkan\u0131 sa\u011flar. \u015earj edilebilir bataryas\u0131 ile \u00f6zg\u00fcr kullan\u0131m sa\u011flar.Rehabilitasyon ve veteriner fizik tedavide elektrik ak\u0131m\u0131 iki [&hellip;]<\/p>\n","protected":false},"author":1,"featured_media":0,"parent":0,"menu_order":0,"comment_status":"closed","ping_status":"closed","template":"","meta":{"site-sidebar-layout":"no-sidebar","site-content-layout":"page-builder","ast-site-content-layout":"","site-content-style":"default","site-sidebar-style":"default","ast-global-header-display":"","ast-banner-title-visibility":"","ast-main-header-display":"","ast-hfb-above-header-display":"","ast-hfb-below-header-display":"","ast-hfb-mobile-header-display":"","site-post-title":"disabled","ast-breadcrumbs-content":"","ast-featured-img":"disabled","footer-sml-layout":"","theme-transparent-header-meta":"default","adv-header-id-meta":"","stick-header-meta":"","header-above-stick-meta":"","header-main-stick-meta":"","header-below-stick-meta":"","astra-migrate-meta-layouts":"default","ast-page-background-enabled":"default","ast-page-background-meta":{"desktop":{"background-color":"var(--ast-global-color-4)","background-image":"","background-repeat":"repeat","background-position":"center center","background-size":"auto","background-attachment":"scroll","background-type":"","background-media":"","overlay-type":"","overlay-color":"","overlay-opacity":"","overlay-gradient":""},"tablet":{"background-color":"","background-image":"","background-repeat":"repeat","background-position":"center center","background-size":"auto","background-attachment":"scroll","background-type":"","background-media":"","overlay-type":"","overlay-color":"","overlay-opacity":"","overlay-gradient":""},"mobile":{"background-color":"","background-image":"","background-repeat":"repeat","background-position":"center center","background-size":"auto","background-attachment":"scroll","background-type":"","background-media":"","overlay-type":"","overlay-color":"","overlay-opacity":"","overlay-gradient":""}},"ast-content-background-meta":{"desktop":{"background-color":"var(--ast-global-color-5)","background-image":"","background-repeat":"repeat","background-position":"center center","background-size":"auto","background-attachment":"scroll","background-type":"","background-media":"","overlay-type":"","overlay-color":"","overlay-opacity":"","overlay-gradient":""},"tablet":{"background-color":"var(--ast-global-color-5)","background-image":"","background-repeat":"repeat","background-position":"center center","background-size":"auto","background-attachment":"scroll","background-type":"","background-media":"","overlay-type":"","overlay-color":"","overlay-opacity":"","overlay-gradient":""},"mobile":{"background-color":"var(--ast-global-color-5)","background-image":"","background-repeat":"repeat","background-position":"center center","background-size":"auto","background-attachment":"scroll","background-type":"","background-media":"","overlay-type":"","overlay-color":"","overlay-opacity":"","overlay-gradient":""}},"footnotes":""},"class_list":["post-7747","page","type-page","status-publish","hentry"],"_links":{"self":[{"href":"https:\/\/www.vetinnovate.com\/index.php\/wp-json\/wp\/v2\/pages\/7747","targetHints":{"allow":["GET"]}}],"collection":[{"href":"https:\/\/www.vetinnovate.com\/index.php\/wp-json\/wp\/v2\/pages"}],"about":[{"href":"https:\/\/www.vetinnovate.com\/index.php\/wp-json\/wp\/v2\/types\/page"}],"author":[{"embeddable":true,"href":"https:\/\/www.vetinnovate.com\/index.php\/wp-json\/wp\/v2\/users\/1"}],"replies":[{"embeddable":true,"href":"https:\/\/www.vetinnovate.com\/index.php\/wp-json\/wp\/v2\/comments?post=7747"}],"version-history":[{"count":10,"href":"https:\/\/www.vetinnovate.com\/index.php\/wp-json\/wp\/v2\/pages\/7747\/revisions"}],"predecessor-version":[{"id":8866,"href":"https:\/\/www.vetinnovate.com\/index.php\/wp-json\/wp\/v2\/pages\/7747\/revisions\/8866"}],"wp:attachment":[{"href":"https:\/\/www.vetinnovate.com\/index.php\/wp-json\/wp\/v2\/media?parent=7747"}],"curies":[{"name":"wp","href":"https:\/\/api.w.org\/{rel}","templated":true}]}}