{"id":7716,"date":"2021-09-20T17:48:34","date_gmt":"2021-09-20T17:48:34","guid":{"rendered":"http:\/\/www.vetinnovate.com\/?page_id=7716"},"modified":"2021-09-20T17:51:40","modified_gmt":"2021-09-20T17:51:40","slug":"egzotik-hayvanlar","status":"publish","type":"page","link":"https:\/\/www.vetinnovate.com\/index.php\/egzotik-hayvanlar\/","title":{"rendered":"Egzotik Hayvanlar"},"content":{"rendered":"\t\t<div data-elementor-type=\"wp-page\" data-elementor-id=\"7716\" class=\"elementor elementor-7716\" data-elementor-settings=\"[]\">\n\t\t\t\t\t\t<div class=\"elementor-inner\">\n\t\t\t\t\t\t\t<div class=\"elementor-section-wrap\">\n\t\t\t\t\t\t\t<section class=\"elementor-section elementor-top-section elementor-element elementor-element-f8c9c98 elementor-section-boxed elementor-section-height-default elementor-section-height-default\" data-id=\"f8c9c98\" data-element_type=\"section\" data-settings=\"{&quot;background_background&quot;:&quot;classic&quot;}\">\n\t\t\t\t\t\t<div class=\"elementor-container elementor-column-gap-no\">\n\t\t\t\t\t\t\t<div class=\"elementor-row\">\n\t\t\t\t\t<div class=\"elementor-column elementor-col-100 elementor-top-column elementor-element elementor-element-574dbd3\" data-id=\"574dbd3\" data-element_type=\"column\">\n\t\t\t<div class=\"elementor-column-wrap elementor-element-populated\">\n\t\t\t\t\t\t\t<div class=\"elementor-widget-wrap\">\n\t\t\t\t\t\t<div class=\"elementor-element elementor-element-a7427fb elementor-widget elementor-widget-spacer\" data-id=\"a7427fb\" data-element_type=\"widget\" data-widget_type=\"spacer.default\">\n\t\t\t\t<div class=\"elementor-widget-container\">\n\t\t\t\t\t<div class=\"elementor-spacer\">\n\t\t\t<div class=\"elementor-spacer-inner\"><\/div>\n\t\t<\/div>\n\t\t\t\t<\/div>\n\t\t\t\t<\/div>\n\t\t\t\t<div class=\"elementor-element elementor-element-dd769d5 elementor-widget elementor-widget-heading\" data-id=\"dd769d5\" data-element_type=\"widget\" data-widget_type=\"heading.default\">\n\t\t\t\t<div class=\"elementor-widget-container\">\n\t\t\t<h2 class=\"elementor-heading-title elementor-size-default\">Egzotik Hayvanlar<\/h2>\t\t<\/div>\n\t\t\t\t<\/div>\n\t\t\t\t<div class=\"elementor-element elementor-element-225b146 elementor-widget elementor-widget-text-editor\" data-id=\"225b146\" data-element_type=\"widget\" data-widget_type=\"text-editor.default\">\n\t\t\t\t<div class=\"elementor-widget-container\">\n\t\t\t\t\t<div class=\"elementor-text-editor elementor-clearfix\"><p>MLS\u00ae Lazer Terapisi, stresten ve \u00e7e\u015fitli durumlardan kolayca etkilenebilecekleri i\u00e7in egzotik hayvanlar\u0131n tedavisinde de yararl\u0131 olabilir.<br \/>A\u011fr\u0131s\u0131z olmas\u0131, iyi tolere edilebilmesi, kolay uygulanmas\u0131 ve h\u0131zl\u0131 tedavi s\u00fcresine sahip olmas\u0131 nedeniyle bu t\u00fcr tedavi bu t\u00fcrler i\u00e7in uygundur.<\/p><\/div>\n\t\t\t\t<\/div>\n\t\t\t\t<\/div>\n\t\t\t\t<section class=\"elementor-section elementor-inner-section elementor-element elementor-element-219ac2b elementor-section-boxed elementor-section-height-default elementor-section-height-default\" data-id=\"219ac2b\" data-element_type=\"section\">\n\t\t\t\t\t\t<div class=\"elementor-container elementor-column-gap-default\">\n\t\t\t\t\t\t\t<div class=\"elementor-row\">\n\t\t\t\t\t<div class=\"elementor-column elementor-col-100 elementor-inner-column elementor-element elementor-element-a021dd4\" data-id=\"a021dd4\" data-element_type=\"column\">\n\t\t\t<div class=\"elementor-column-wrap elementor-element-populated\">\n\t\t\t\t\t\t\t<div class=\"elementor-widget-wrap\">\n\t\t\t\t\t\t<div class=\"elementor-element elementor-element-65ab194 elementor-widget elementor-widget-text-editor\" data-id=\"65ab194\" data-element_type=\"widget\" data-widget_type=\"text-editor.default\">\n\t\t\t\t<div class=\"elementor-widget-container\">\n\t\t\t\t\t<div class=\"elementor-text-editor elementor-clearfix\"><p><strong>Yara iyile\u015fmesi<\/strong><br \/>Deri yaralar\u0131, g\u00fcnl\u00fck veterinerlik uygulamalar\u0131nda s\u0131k kar\u015f\u0131la\u015f\u0131lan bir sorundur ve MLS\u00ae Lazer Terapisinin kullan\u0131m\u0131 biyolojik uyar\u0131c\u0131 etkisi sayesinde iyile\u015fme s\u00fcrecini h\u0131zland\u0131r\u0131r ve destekler.<\/p><p><br \/><strong>\u00d6dem<\/strong><br \/>Lazer Terapisi MLS\u00ae kullan\u0131m\u0131, enflamatuar \u00f6demin drenaj\u0131n\u0131 desteklemek i\u00e7in \u00f6nemlidir. Terapi, lokal kan\u0131 ve lenfatik dola\u015f\u0131m\u0131 d\u00fczenlemeyi m\u00fcmk\u00fcn k\u0131lar, b\u00f6ylece fazla interstisyel s\u0131v\u0131n\u0131n azalt\u0131lmas\u0131n\u0131 kolayla\u015ft\u0131r\u0131r.<\/p><p><br \/><strong>Kaplumba\u011falarda kabuk ve plastron lezyonlar\u0131 \/ k\u0131r\u0131klar\u0131<\/strong><br \/>MLS\u00ae Lazer Terapisi, sert doku yaralanmalar\u0131n\u0131n iyile\u015fme s\u00fcrecini kolayla\u015ft\u0131rmak i\u00e7in kullan\u0131l\u0131r.<\/p><p><br \/><strong>Apseler<\/strong><br \/>MLS\u00ae Lazer Terapisi, iltihapl\u0131 \u00f6demin drenaj\u0131n\u0131 destekledi\u011fi ve iltihab\u0131 azaltt\u0131\u011f\u0131 i\u00e7in apselerin iyile\u015fmesini desteklemek i\u00e7in kullan\u0131labilir.<\/p><p><br \/><strong>Osteoartris<\/strong><br \/>Osteoartrit, MLS\u00ae Lazer Terapisinin uygulanmas\u0131n\u0131n ana endikasyonlar\u0131ndan biridir: iltihab\u0131 ve a\u011fr\u0131y\u0131 azaltmaya yard\u0131mc\u0131 olur, b\u00f6ylece hastan\u0131n \u00f6nemli bir ya\u015fam kalitesi iyile\u015ftirmesine izin verir.<\/p><p><br \/><strong>Bumblefoot (pododermatit)<\/strong><br \/>MLS\u00ae Lazer Terapisi, iltihab\u0131, \u00f6demi ve a\u011fr\u0131y\u0131 azaltt\u0131\u011f\u0131 ve yaralar\u0131n iyile\u015fmesini kolayla\u015ft\u0131rd\u0131\u011f\u0131 i\u00e7in pododermatit tedavisinde destek tedavisi olarak kullan\u0131lmaktad\u0131r.<\/p><p><br \/><strong>Ameliyat sonras\u0131 tedavi<\/strong><br \/>MLS\u00ae Lazer Terapisi, ameliyattan kaynaklanan \u015fi\u015flik ve a\u011fr\u0131y\u0131 azaltt\u0131\u011f\u0131 i\u00e7in ameliyat sonras\u0131 d\u00f6nemde de\u011ferli bir yard\u0131mc\u0131d\u0131r.<\/p><\/div>\n\t\t\t\t<\/div>\n\t\t\t\t<\/div>\n\t\t\t\t\t\t<\/div>\n\t\t\t\t\t<\/div>\n\t\t<\/div>\n\t\t\t\t\t\t\t\t<\/div>\n\t\t\t\t\t<\/div>\n\t\t<\/section>\n\t\t\t\t\t\t<\/div>\n\t\t\t\t\t<\/div>\n\t\t<\/div>\n\t\t\t\t\t\t\t\t<\/div>\n\t\t\t\t\t<\/div>\n\t\t<\/section>\n\t\t\t\t<section class=\"elementor-section elementor-top-section elementor-element elementor-element-4d77332 elementor-section-boxed elementor-section-height-default elementor-section-height-default\" data-id=\"4d77332\" data-element_type=\"section\">\n\t\t\t\t\t\t<div class=\"elementor-container elementor-column-gap-no\">\n\t\t\t\t\t\t\t<div class=\"elementor-row\">\n\t\t\t\t\t<div class=\"elementor-column elementor-col-50 elementor-top-column elementor-element elementor-element-4c7d5e2\" data-id=\"4c7d5e2\" data-element_type=\"column\" data-settings=\"{&quot;background_background&quot;:&quot;classic&quot;}\">\n\t\t\t<div class=\"elementor-column-wrap elementor-element-populated\">\n\t\t\t\t\t\t\t<div class=\"elementor-widget-wrap\">\n\t\t\t\t\t\t<div class=\"elementor-element elementor-element-7e66653 elementor-widget elementor-widget-image\" data-id=\"7e66653\" data-element_type=\"widget\" data-widget_type=\"image.default\">\n\t\t\t\t<div class=\"elementor-widget-container\">\n\t\t\t\t\t<div class=\"elementor-image\">\n\t\t\t\t\t\t\t\t\t\t\t<a href=\"https:\/\/www.vetinnovate.com\/index.php\/hangi-hastaliklarda\/\">\n\t\t\t\t\t\t\t<img loading=\"lazy\" decoding=\"async\" width=\"344\" height=\"258\" src=\"https:\/\/www.vetinnovate.com\/wp-content\/uploads\/2020\/08\/pathologycam-testing.jpg\" class=\"attachment-full size-full\" alt=\"\" srcset=\"https:\/\/www.vetinnovate.com\/wp-content\/uploads\/2020\/08\/pathologycam-testing.jpg 344w, https:\/\/www.vetinnovate.com\/wp-content\/uploads\/2020\/08\/pathologycam-testing-300x225.jpg 300w\" sizes=\"auto, (max-width: 344px) 100vw, 344px\" \/>\t\t\t\t\t\t\t\t<\/a>\n\t\t\t\t\t\t\t\t\t\t\t<\/div>\n\t\t\t\t<\/div>\n\t\t\t\t<\/div>\n\t\t\t\t<div class=\"elementor-element elementor-element-d7cf9fc elementor-widget elementor-widget-heading\" data-id=\"d7cf9fc\" data-element_type=\"widget\" data-widget_type=\"heading.default\">\n\t\t\t\t<div class=\"elementor-widget-container\">\n\t\t\t<h3 class=\"elementor-heading-title elementor-size-default\"><a href=\"https:\/\/www.vetinnovate.com\/index.php\/hangi-hastaliklarda\/\">Kedi ve K\u00f6pek Tedavileri\n<\/a><\/h3>\t\t<\/div>\n\t\t\t\t<\/div>\n\t\t\t\t\t\t<\/div>\n\t\t\t\t\t<\/div>\n\t\t<\/div>\n\t\t\t\t<div class=\"elementor-column elementor-col-50 elementor-top-column elementor-element elementor-element-d778cc8\" data-id=\"d778cc8\" data-element_type=\"column\" data-settings=\"{&quot;background_background&quot;:&quot;classic&quot;}\">\n\t\t\t<div class=\"elementor-column-wrap elementor-element-populated\">\n\t\t\t\t\t\t\t<div class=\"elementor-widget-wrap\">\n\t\t\t\t\t\t<div class=\"elementor-element elementor-element-5c1393c elementor-widget elementor-widget-image\" data-id=\"5c1393c\" data-element_type=\"widget\" data-widget_type=\"image.default\">\n\t\t\t\t<div class=\"elementor-widget-container\">\n\t\t\t\t\t<div class=\"elementor-image\">\n\t\t\t\t\t\t\t\t\t\t\t<a href=\"https:\/\/www.vetinnovate.com\/index.php\/atlar\/\">\n\t\t\t\t\t\t\t<img loading=\"lazy\" decoding=\"async\" width=\"344\" height=\"258\" src=\"https:\/\/www.vetinnovate.com\/wp-content\/uploads\/2020\/08\/parmaceutical-reserach.jpg\" class=\"attachment-full size-full\" alt=\"\" srcset=\"https:\/\/www.vetinnovate.com\/wp-content\/uploads\/2020\/08\/parmaceutical-reserach.jpg 344w, https:\/\/www.vetinnovate.com\/wp-content\/uploads\/2020\/08\/parmaceutical-reserach-300x225.jpg 300w\" sizes=\"auto, (max-width: 344px) 100vw, 344px\" \/>\t\t\t\t\t\t\t\t<\/a>\n\t\t\t\t\t\t\t\t\t\t\t<\/div>\n\t\t\t\t<\/div>\n\t\t\t\t<\/div>\n\t\t\t\t<div class=\"elementor-element elementor-element-a826cc4 elementor-widget elementor-widget-heading\" data-id=\"a826cc4\" data-element_type=\"widget\" data-widget_type=\"heading.default\">\n\t\t\t\t<div class=\"elementor-widget-container\">\n\t\t\t<h3 class=\"elementor-heading-title elementor-size-default\"><a href=\"https:\/\/www.vetinnovate.com\/index.php\/atlar\/\">Atlar<\/a><\/h3>\t\t<\/div>\n\t\t\t\t<\/div>\n\t\t\t\t\t\t<\/div>\n\t\t\t\t\t<\/div>\n\t\t<\/div>\n\t\t\t\t\t\t\t\t<\/div>\n\t\t\t\t\t<\/div>\n\t\t<\/section>\n\t\t\t\t\t\t<\/div>\n\t\t\t\t\t\t<\/div>\n\t\t\t\t\t<\/div>\n\t\t","protected":false},"excerpt":{"rendered":"<p>Egzotik Hayvanlar MLS\u00ae Lazer Terapisi, stresten ve \u00e7e\u015fitli durumlardan kolayca etkilenebilecekleri i\u00e7in egzotik hayvanlar\u0131n tedavisinde de yararl\u0131 olabilir.A\u011fr\u0131s\u0131z olmas\u0131, iyi tolere edilebilmesi, kolay uygulanmas\u0131 ve h\u0131zl\u0131 tedavi s\u00fcresine sahip olmas\u0131 nedeniyle bu t\u00fcr tedavi bu t\u00fcrler i\u00e7in uygundur. Yara iyile\u015fmesiDeri yaralar\u0131, g\u00fcnl\u00fck veterinerlik uygulamalar\u0131nda s\u0131k kar\u015f\u0131la\u015f\u0131lan bir sorundur ve MLS\u00ae Lazer Terapisinin kullan\u0131m\u0131 biyolojik uyar\u0131c\u0131 [&hellip;]<\/p>\n","protected":false},"author":1,"featured_media":0,"parent":0,"menu_order":0,"comment_status":"closed","ping_status":"closed","template":"","meta":{"site-sidebar-layout":"no-sidebar","site-content-layout":"page-builder","ast-site-content-layout":"","site-content-style":"default","site-sidebar-style":"default","ast-global-header-display":"","ast-banner-title-visibility":"","ast-main-header-display":"","ast-hfb-above-header-display":"","ast-hfb-below-header-display":"","ast-hfb-mobile-header-display":"","site-post-title":"disabled","ast-breadcrumbs-content":"","ast-featured-img":"disabled","footer-sml-layout":"","theme-transparent-header-meta":"enabled","adv-header-id-meta":"","stick-header-meta":"","header-above-stick-meta":"","header-main-stick-meta":"","header-below-stick-meta":"","astra-migrate-meta-layouts":"default","ast-page-background-enabled":"default","ast-page-background-meta":{"desktop":{"background-color":"var(--ast-global-color-4)","background-image":"","background-repeat":"repeat","background-position":"center center","background-size":"auto","background-attachment":"scroll","background-type":"","background-media":"","overlay-type":"","overlay-color":"","overlay-opacity":"","overlay-gradient":""},"tablet":{"background-color":"","background-image":"","background-repeat":"repeat","background-position":"center center","background-size":"auto","background-attachment":"scroll","background-type":"","background-media":"","overlay-type":"","overlay-color":"","overlay-opacity":"","overlay-gradient":""},"mobile":{"background-color":"","background-image":"","background-repeat":"repeat","background-position":"center center","background-size":"auto","background-attachment":"scroll","background-type":"","background-media":"","overlay-type":"","overlay-color":"","overlay-opacity":"","overlay-gradient":""}},"ast-content-background-meta":{"desktop":{"background-color":"var(--ast-global-color-5)","background-image":"","background-repeat":"repeat","background-position":"center center","background-size":"auto","background-attachment":"scroll","background-type":"","background-media":"","overlay-type":"","overlay-color":"","overlay-opacity":"","overlay-gradient":""},"tablet":{"background-color":"var(--ast-global-color-5)","background-image":"","background-repeat":"repeat","background-position":"center center","background-size":"auto","background-attachment":"scroll","background-type":"","background-media":"","overlay-type":"","overlay-color":"","overlay-opacity":"","overlay-gradient":""},"mobile":{"background-color":"var(--ast-global-color-5)","background-image":"","background-repeat":"repeat","background-position":"center center","background-size":"auto","background-attachment":"scroll","background-type":"","background-media":"","overlay-type":"","overlay-color":"","overlay-opacity":"","overlay-gradient":""}},"footnotes":""},"class_list":["post-7716","page","type-page","status-publish","hentry"],"_links":{"self":[{"href":"https:\/\/www.vetinnovate.com\/index.php\/wp-json\/wp\/v2\/pages\/7716","targetHints":{"allow":["GET"]}}],"collection":[{"href":"https:\/\/www.vetinnovate.com\/index.php\/wp-json\/wp\/v2\/pages"}],"about":[{"href":"https:\/\/www.vetinnovate.com\/index.php\/wp-json\/wp\/v2\/types\/page"}],"author":[{"embeddable":true,"href":"https:\/\/www.vetinnovate.com\/index.php\/wp-json\/wp\/v2\/users\/1"}],"replies":[{"embeddable":true,"href":"https:\/\/www.vetinnovate.com\/index.php\/wp-json\/wp\/v2\/comments?post=7716"}],"version-history":[{"count":7,"href":"https:\/\/www.vetinnovate.com\/index.php\/wp-json\/wp\/v2\/pages\/7716\/revisions"}],"predecessor-version":[{"id":7723,"href":"https:\/\/www.vetinnovate.com\/index.php\/wp-json\/wp\/v2\/pages\/7716\/revisions\/7723"}],"wp:attachment":[{"href":"https:\/\/www.vetinnovate.com\/index.php\/wp-json\/wp\/v2\/media?parent=7716"}],"curies":[{"name":"wp","href":"https:\/\/api.w.org\/{rel}","templated":true}]}}