{"id":274,"date":"2021-02-01T20:03:52","date_gmt":"2021-02-01T20:03:52","guid":{"rendered":"http:\/\/www.vetinnovate.com\/?page_id=274"},"modified":"2026-03-21T13:15:41","modified_gmt":"2026-03-21T13:15:41","slug":"hangi-hastaliklarda","status":"publish","type":"page","link":"https:\/\/www.vetinnovate.com\/index.php\/hangi-hastaliklarda\/","title":{"rendered":"Hangi hastal\u0131klarda"},"content":{"rendered":"\t\t<div data-elementor-type=\"wp-page\" data-elementor-id=\"274\" class=\"elementor elementor-274\" data-elementor-settings=\"[]\">\n\t\t\t\t\t\t<div class=\"elementor-inner\">\n\t\t\t\t\t\t\t<div class=\"elementor-section-wrap\">\n\t\t\t\t\t\t\t<section class=\"elementor-section elementor-top-section elementor-element elementor-element-f8c9c98 elementor-section-boxed elementor-section-height-default elementor-section-height-default\" data-id=\"f8c9c98\" data-element_type=\"section\" data-settings=\"{&quot;background_background&quot;:&quot;classic&quot;}\">\n\t\t\t\t\t\t<div class=\"elementor-container elementor-column-gap-no\">\n\t\t\t\t\t\t\t<div class=\"elementor-row\">\n\t\t\t\t\t<div class=\"elementor-column elementor-col-100 elementor-top-column elementor-element elementor-element-574dbd3\" data-id=\"574dbd3\" data-element_type=\"column\">\n\t\t\t<div class=\"elementor-column-wrap elementor-element-populated\">\n\t\t\t\t\t\t\t<div class=\"elementor-widget-wrap\">\n\t\t\t\t\t\t<div class=\"elementor-element elementor-element-dd769d5 elementor-widget elementor-widget-heading\" data-id=\"dd769d5\" data-element_type=\"widget\" data-widget_type=\"heading.default\">\n\t\t\t\t<div class=\"elementor-widget-container\">\n\t\t\t<h2 class=\"elementor-heading-title elementor-size-default\">M-vet Veteriner Lazer Cihaz\u0131 <br>Hangi Hastal\u0131klarda Kullan\u0131l\u0131r?<\/h2>\t\t<\/div>\n\t\t\t\t<\/div>\n\t\t\t\t<div class=\"elementor-element elementor-element-9fe9680 elementor-widget elementor-widget-text-editor\" data-id=\"9fe9680\" data-element_type=\"widget\" data-widget_type=\"text-editor.default\">\n\t\t\t\t<div class=\"elementor-widget-container\">\n\t\t\t\t\t<div class=\"elementor-text-editor elementor-clearfix\"><p style=\"font-size: 16px; font-style: normal; font-weight: 400; color: #15144a; padding-left: 40px; text-align: center;\"><span style=\"text-decoration: underline; color: #000080;\"><span style=\"font-size: 16px; font-weight: bold;\">Kedi ve K\u00f6pek Tedavileri<\/span><\/span><\/p><p style=\"font-size: 16px; font-style: normal; font-weight: 400; color: #15144a; padding-left: 40px;\">Kedi ve k\u00f6pekleri etkileyen rahats\u0131zl\u0131klar\u0131n tedavisi i\u00e7in, MLS\u00ae Lazer Terapisi toksik ve invazif olmad\u0131\u011f\u0131,a\u011fr\u0131s\u0131z oldu\u011fu i\u00e7in endikedir.<\/p><p style=\"font-size: 16px; font-style: normal; font-weight: 400; color: #15144a; padding-left: 40px;\">Kullan\u0131m\u0131 kolay, k\u0131sa s\u00fcreli ve h\u0131zl\u0131 bir tedavi yan\u0131t\u0131 verdi\u011fi i\u00e7in, her veteriner hekimin ihtiya\u00e7 ve ko\u015fullar\u0131n\u0131n kar\u015f\u0131lanmas\u0131 i\u00e7in \u00e7ok uygundur<\/p><p style=\"font-size: 16px; font-style: normal; font-weight: 400; color: #15144a; padding-left: 40px;\">Kimi klinik sadece ortopedi post-op, fizik tedavi i\u00e7in kullanmaktad\u0131r.<span style=\"font-size: 16px; font-style: normal; font-weight: 400;\">Kimi klinikler dermatoloji konularda daha \u00e7ok kullanmaktad\u0131r.\u00a0<\/span><\/p><p style=\"font-size: 16px; font-style: normal; font-weight: 400; color: #15144a; padding-left: 40px;\"><span style=\"font-size: 16px; font-style: normal; font-weight: 400;\">Sadece <span style=\"text-decoration: underline;\"><strong>gingivit\/stomatit<\/strong><\/span> i\u00e7in bile\u00a0 kliniklerde bulunmas\u0131 gereklidir. \u00c7\u00fcnk\u00fc di\u015f kayb\u0131 olmadan, kortizon kullanmadan h\u0131zl\u0131 tedavi sunmaktad\u0131r.<\/span><\/p><\/div>\n\t\t\t\t<\/div>\n\t\t\t\t<\/div>\n\t\t\t\t<section class=\"elementor-section elementor-inner-section elementor-element elementor-element-153ccdc elementor-section-boxed elementor-section-height-default elementor-section-height-default\" data-id=\"153ccdc\" data-element_type=\"section\">\n\t\t\t\t\t\t<div class=\"elementor-container elementor-column-gap-default\">\n\t\t\t\t\t\t\t<div class=\"elementor-row\">\n\t\t\t\t\t<div class=\"elementor-column elementor-col-50 elementor-inner-column elementor-element elementor-element-853f2e8\" data-id=\"853f2e8\" data-element_type=\"column\">\n\t\t\t<div class=\"elementor-column-wrap elementor-element-populated\">\n\t\t\t\t\t\t\t<div class=\"elementor-widget-wrap\">\n\t\t\t\t\t\t<div class=\"elementor-element elementor-element-2d6d73d elementor-widget elementor-widget-text-editor\" data-id=\"2d6d73d\" data-element_type=\"widget\" data-widget_type=\"text-editor.default\">\n\t\t\t\t<div class=\"elementor-widget-container\">\n\t\t\t\t\t<div class=\"elementor-text-editor elementor-clearfix\"><p style=\"padding-left: 160px;\"><span style=\"text-decoration: underline;\"><strong>LOKOMOTOR HASTALIKLAR<\/strong><\/span><\/p><p style=\"padding-left: 40px;\"><b>\u00a0<\/b><b>Kas-iskelet sistemi bozuklu\u011fu &#8211;<\/b>MLS\u00ae Lazer Terapisinin antiinflamatuar ve analjezik etkileri, a\u011fr\u0131y\u0131 azaltmaya ve hastan\u0131n ya\u015fam kalitesini iyile\u015ftirmeye yard\u0131mc\u0131 olur.<\/p><p style=\"padding-left: 40px;\">\u00a0<b>N\u00f6rolojik a\u011fr\u0131 &#8211;<\/b>MLS\u00ae Lazer Terapisinin kullan\u0131m\u0131yla a\u011fr\u0131 ve iltihaplanman\u0131n giderilmesi, hastan\u0131n genel durumunu iyile\u015ftirmeye izin verir.<\/p><p style=\"padding-left: 40px;\"><b>\u00a0Kemik K\u0131r\u0131klar\u0131 &#8211;\u00a0<\/b> MLS Lazer k\u0131r\u0131k kemiklerin kaynamas\u0131n\u0131 ve iyile\u015fmeyi h\u0131zland\u0131r\u0131r.<\/p><p style=\"padding-left: 40px;\"><b>\u00a0Siyatik sinir Hasar\u0131 \u2013<\/b> MLS Lazer siyatik sinir hasar\u0131 iyile\u015fmelerinde fizik tedavi s\u00fcre\u00e7lerini destekler ve iyile\u015fmeyi h\u0131zland\u0131r\u0131r.<\/p><p style=\"padding-left: 40px;\">\u00a0<b>Dejeneratif eklem hastal\u0131\u011f\u0131 &#8211; <\/b>Osteoartrit, MLS\u00ae Lazer Terapisinin uygulanmas\u0131n\u0131n ana endikasyonlar\u0131ndan biridir: iltihab\u0131 ve a\u011fr\u0131y\u0131 azaltmaya yard\u0131mc\u0131 olur, b\u00f6ylece hastan\u0131n \u00f6nemli bir ya\u015fam kalitesi iyile\u015ftirmesine izin verir.<\/p><p style=\"padding-left: 40px;\"><b>\u00a0Post-op tedaviler &#8211; <\/b>MLS\u00ae Lazer Terapisi, ameliyattan kaynaklanan \u015fi\u015flik ve a\u011fr\u0131y\u0131 azaltt\u0131\u011f\u0131 i\u00e7in ameliyat sonras\u0131 d\u00f6nemde de\u011ferli bir yard\u0131mc\u0131d\u0131r<\/p><p style=\"padding-left: 40px;\"><strong>\u00a0Tendon ve kas yaralanmalar\u0131<\/strong> &#8211; MLS Lazer terapisi, \u00f6dem drenaj\u0131n\u0131 destekler ve anti-inflamatuar etkisi nedeniyle a\u011fr\u0131,\u00f6dem ve enflamasyonu azalt\u0131r.<\/p><p style=\"padding-left: 40px;\"><strong>\u00a0\u00c7apraz ba\u011f hastal\u0131klar\u0131<\/strong> &#8211; Post-op ya da operasyon olamad\u0131\u011f\u0131 durumlarda, hastan\u0131n h\u0131zl\u0131 bir \u015fekilde iyile\u015fmesi ve aya\u011f\u0131n\u0131 basmas\u0131n\u0131 sa\u011flar.<\/p><p style=\"padding-left: 40px;\">\u00a0<strong>Akupunktur<\/strong> &#8211; Hi\u00e7 bilginiz olmasa dahi cihaz sizi y\u00f6nlendirir.<\/p><\/div>\n\t\t\t\t<\/div>\n\t\t\t\t<\/div>\n\t\t\t\t\t\t<\/div>\n\t\t\t\t\t<\/div>\n\t\t<\/div>\n\t\t\t\t<div class=\"elementor-column elementor-col-50 elementor-inner-column elementor-element elementor-element-e15eaf7\" data-id=\"e15eaf7\" data-element_type=\"column\">\n\t\t\t<div class=\"elementor-column-wrap elementor-element-populated\">\n\t\t\t\t\t\t\t<div class=\"elementor-widget-wrap\">\n\t\t\t\t\t\t<div class=\"elementor-element elementor-element-3599e02 elementor-widget elementor-widget-text-editor\" data-id=\"3599e02\" data-element_type=\"widget\" data-widget_type=\"text-editor.default\">\n\t\t\t\t<div class=\"elementor-widget-container\">\n\t\t\t\t\t<div class=\"elementor-text-editor elementor-clearfix\"><p style=\"text-align: center; padding-left: 40px;\"><span style=\"text-decoration: underline;\"><b style=\"font-style: inherit;\">DERMATOLOJ\u0130K VE ORAL HASTALIKLAR<\/b><\/span><\/p><p class=\"MsoNormal\" style=\"padding-left: 40px;\"><b>\u00a0Yara iyile\u015fmesi &#8211;\u00a0<\/b>Deri yaralar\u0131, g\u00fcnl\u00fck veterinerlik uygulamalar\u0131nda s\u0131k kar\u015f\u0131la\u015f\u0131lan bir sorundur ve MLS\u00ae Lazer Terapisinin kullan\u0131m\u0131 biyolojik uyar\u0131c\u0131 etkisi sayesinde iyile\u015fme s\u00fcrecini h\u0131zland\u0131r\u0131r ve destekler.<\/p><p class=\"MsoNormal\" style=\"padding-left: 40px;\"><b>\u00a0Gingivitis &#8211; Stomatitis &#8211;<\/b>\u00a0MLS\u00ae Lazer Terapisinin antiinflamatuar, anti\u00f6dem ve analjezik etkileri, \u00f6zellikle hastan\u0131n ya\u015fam kalitesini iyile\u015ftirmek i\u00e7in faydal\u0131d\u0131r. Di\u015f \u00e7ekmeden,kortizon kullanmadan k\u0131sa s\u00fcrede sonu\u00e7 alacaks\u0131n\u0131z.<\/p><p class=\"MsoNormal\" style=\"padding-left: 40px;\"><b>\u00a0Eosinophilic granuloma \u2013\u00a0<\/b>Kedilerde s\u0131k\u00e7a g\u00f6r\u00fclen bu rahats\u0131zl\u0131kta kortizon vs kullan\u0131m\u0131na gerek kalmadan di\u015f kayb\u0131 olmadan MLS lazer ile h\u0131zl\u0131ca tedavi sa\u011flanabilir.<\/p><p class=\"MsoNormal\" style=\"padding-left: 40px;\"><b>\u00a0Yalamaya ba\u011fl\u0131 gran\u00fclomlar &#8211;\u00a0<\/b>MLS\u00ae Lazer Terapisi, bio-uyar\u0131c\u0131 etkisi nedeniyle yalama gran\u00fclomlar\u0131n\u0131n iyile\u015fmesini destekler ve ayn\u0131 zamanda enflamatuar bile\u015fenin b\u00fcy\u00fckl\u00fc\u011f\u00fcn\u00fc de azalt\u0131r.<\/p><p class=\"MsoNormal\" style=\"padding-left: 40px;\"><strong>\u00a0Alopesi ve Black Skin<\/strong> &#8211; MLS Lazer terapi ile normalde 6 aydan uzun s\u00fcren t\u00fcy \u00e7\u0131kma sorununu 4-6 haftada \u00e7\u00f6z\u00fcmleyebilirsiniz.<\/p><p class=\"MsoNormal\" style=\"padding-left: 40px;\"><strong>\u00a0Atopik Dermatit<\/strong> &#8211; MLS Lazer terapi ile \u00e7ok k\u0131sa s\u00fcrede iyile\u015fme g\u00f6receksiniz.<\/p><p class=\"MsoNormal\" style=\"padding-left: 40px;\"><strong>\u00a0Mantar<\/strong> \u00a0&#8211; Kendi tedavinize ek olarak uygulanacak lazer tedavisi ile \u00e7ok k\u0131sa s\u00fcrede \u00e7\u00f6\u00fczm alacaks\u0131n\u0131z.<\/p><p class=\"MsoNormal\" style=\"padding-left: 40px;\"><b>\u00a0Anal Kese \u015ei\u015fmeleri &#8211;\u00a0<\/b>MLS\u00ae Lazer Terapisi, antiinflamatuar ve biyostim\u00fcle edici etkileri nedeniyle veteriner hekimler i\u00e7in de\u011ferli bir yard\u0131mc\u0131 tekniktir.<\/p><p class=\"MsoNormal\" style=\"padding-left: 40px;\"><b style=\"font-style: inherit;\">\u00a0Perianal Fistula<\/b><span style=\"font-size: 16px;\">\u00a0\u2013 MLS Lazer terapi ile k\u0131sa s\u00fcreli sonu\u00e7lar.<\/span><\/p><\/div>\n\t\t\t\t<\/div>\n\t\t\t\t<\/div>\n\t\t\t\t\t\t<\/div>\n\t\t\t\t\t<\/div>\n\t\t<\/div>\n\t\t\t\t\t\t\t\t<\/div>\n\t\t\t\t\t<\/div>\n\t\t<\/section>\n\t\t\t\t\t\t<\/div>\n\t\t\t\t\t<\/div>\n\t\t<\/div>\n\t\t\t\t\t\t\t\t<\/div>\n\t\t\t\t\t<\/div>\n\t\t<\/section>\n\t\t\t\t<section class=\"elementor-section elementor-top-section elementor-element elementor-element-4d77332 elementor-section-boxed elementor-section-height-default elementor-section-height-default\" data-id=\"4d77332\" data-element_type=\"section\">\n\t\t\t\t\t\t<div class=\"elementor-container elementor-column-gap-no\">\n\t\t\t\t\t\t\t<div class=\"elementor-row\">\n\t\t\t\t\t<div class=\"elementor-column elementor-col-50 elementor-top-column elementor-element elementor-element-4c7d5e2\" data-id=\"4c7d5e2\" data-element_type=\"column\" data-settings=\"{&quot;background_background&quot;:&quot;classic&quot;}\">\n\t\t\t<div class=\"elementor-column-wrap elementor-element-populated\">\n\t\t\t\t\t\t\t<div class=\"elementor-widget-wrap\">\n\t\t\t\t\t\t<div class=\"elementor-element elementor-element-7e66653 elementor-absolute elementor-widget elementor-widget-image\" data-id=\"7e66653\" data-element_type=\"widget\" data-settings=\"{&quot;_position&quot;:&quot;absolute&quot;}\" data-widget_type=\"image.default\">\n\t\t\t\t<div class=\"elementor-widget-container\">\n\t\t\t\t\t<div class=\"elementor-image\">\n\t\t\t\t\t\t\t\t\t\t\t<a href=\"https:\/\/www.vetinnovate.com\/index.php\/hangi-hastaliklarda\/\">\n\t\t\t\t\t\t\t<img loading=\"lazy\" decoding=\"async\" width=\"3840\" height=\"5760\" src=\"https:\/\/www.vetinnovate.com\/wp-content\/uploads\/2021\/09\/mvet_trolley.png\" class=\"attachment-full size-full\" alt=\"\" srcset=\"https:\/\/www.vetinnovate.com\/wp-content\/uploads\/2021\/09\/mvet_trolley.png 3840w, https:\/\/www.vetinnovate.com\/wp-content\/uploads\/2021\/09\/mvet_trolley-200x300.png 200w, https:\/\/www.vetinnovate.com\/wp-content\/uploads\/2021\/09\/mvet_trolley-683x1024.png 683w, https:\/\/www.vetinnovate.com\/wp-content\/uploads\/2021\/09\/mvet_trolley-768x1152.png 768w, https:\/\/www.vetinnovate.com\/wp-content\/uploads\/2021\/09\/mvet_trolley-1024x1536.png 1024w, https:\/\/www.vetinnovate.com\/wp-content\/uploads\/2021\/09\/mvet_trolley-1365x2048.png 1365w\" sizes=\"auto, (max-width: 3840px) 100vw, 3840px\" \/>\t\t\t\t\t\t\t\t<\/a>\n\t\t\t\t\t\t\t\t\t\t\t<\/div>\n\t\t\t\t<\/div>\n\t\t\t\t<\/div>\n\t\t\t\t\t\t<\/div>\n\t\t\t\t\t<\/div>\n\t\t<\/div>\n\t\t\t\t<div class=\"elementor-column elementor-col-50 elementor-top-column elementor-element elementor-element-d778cc8\" data-id=\"d778cc8\" data-element_type=\"column\" data-settings=\"{&quot;background_background&quot;:&quot;classic&quot;}\">\n\t\t\t<div class=\"elementor-column-wrap elementor-element-populated\">\n\t\t\t\t\t\t\t<div class=\"elementor-widget-wrap\">\n\t\t\t\t\t\t<div class=\"elementor-element elementor-element-7bec64c elementor-absolute elementor-widget elementor-widget-image\" data-id=\"7bec64c\" data-element_type=\"widget\" data-settings=\"{&quot;_position&quot;:&quot;absolute&quot;}\" data-widget_type=\"image.default\">\n\t\t\t\t<div class=\"elementor-widget-container\">\n\t\t\t\t\t<div class=\"elementor-image\">\n\t\t\t\t\t\t\t\t\t\t\t<a href=\"https:\/\/www.vetinnovate.com\/index.php\/egzotik-hayvanlar\/\">\n\t\t\t\t\t\t\t<img loading=\"lazy\" decoding=\"async\" width=\"496\" height=\"744\" src=\"https:\/\/www.vetinnovate.com\/wp-content\/uploads\/2021\/02\/asa1.jpg\" class=\"attachment-full size-full\" alt=\"\" srcset=\"https:\/\/www.vetinnovate.com\/wp-content\/uploads\/2021\/02\/asa1.jpg 496w, https:\/\/www.vetinnovate.com\/wp-content\/uploads\/2021\/02\/asa1-200x300.jpg 200w\" sizes=\"auto, (max-width: 496px) 100vw, 496px\" \/>\t\t\t\t\t\t\t\t<\/a>\n\t\t\t\t\t\t\t\t\t\t\t<\/div>\n\t\t\t\t<\/div>\n\t\t\t\t<\/div>\n\t\t\t\t<div class=\"elementor-element elementor-element-1eb9ef2 elementor-widget elementor-widget-spacer\" data-id=\"1eb9ef2\" data-element_type=\"widget\" data-widget_type=\"spacer.default\">\n\t\t\t\t<div class=\"elementor-widget-container\">\n\t\t\t\t\t<div class=\"elementor-spacer\">\n\t\t\t<div class=\"elementor-spacer-inner\"><\/div>\n\t\t<\/div>\n\t\t\t\t<\/div>\n\t\t\t\t<\/div>\n\t\t\t\t\t\t<\/div>\n\t\t\t\t\t<\/div>\n\t\t<\/div>\n\t\t\t\t\t\t\t\t<\/div>\n\t\t\t\t\t<\/div>\n\t\t<\/section>\n\t\t\t\t\t\t<\/div>\n\t\t\t\t\t\t<\/div>\n\t\t\t\t\t<\/div>\n\t\t","protected":false},"excerpt":{"rendered":"<p>M-vet Veteriner Lazer Cihaz\u0131 Hangi Hastal\u0131klarda Kullan\u0131l\u0131r? Kedi ve K\u00f6pek Tedavileri Kedi ve k\u00f6pekleri etkileyen rahats\u0131zl\u0131klar\u0131n tedavisi i\u00e7in, MLS\u00ae Lazer Terapisi toksik ve invazif olmad\u0131\u011f\u0131,a\u011fr\u0131s\u0131z oldu\u011fu i\u00e7in endikedir. Kullan\u0131m\u0131 kolay, k\u0131sa s\u00fcreli ve h\u0131zl\u0131 bir tedavi yan\u0131t\u0131 verdi\u011fi i\u00e7in, her veteriner hekimin ihtiya\u00e7 ve ko\u015fullar\u0131n\u0131n kar\u015f\u0131lanmas\u0131 i\u00e7in \u00e7ok uygundur Kimi klinik sadece ortopedi post-op, fizik [&hellip;]<\/p>\n","protected":false},"author":1,"featured_media":0,"parent":0,"menu_order":0,"comment_status":"closed","ping_status":"closed","template":"","meta":{"site-sidebar-layout":"no-sidebar","site-content-layout":"page-builder","ast-site-content-layout":"","site-content-style":"default","site-sidebar-style":"default","ast-global-header-display":"","ast-banner-title-visibility":"","ast-main-header-display":"","ast-hfb-above-header-display":"","ast-hfb-below-header-display":"","ast-hfb-mobile-header-display":"","site-post-title":"disabled","ast-breadcrumbs-content":"","ast-featured-img":"disabled","footer-sml-layout":"","theme-transparent-header-meta":"enabled","adv-header-id-meta":"","stick-header-meta":"","header-above-stick-meta":"","header-main-stick-meta":"","header-below-stick-meta":"","astra-migrate-meta-layouts":"default","ast-page-background-enabled":"default","ast-page-background-meta":{"desktop":{"background-color":"var(--ast-global-color-4)","background-image":"","background-repeat":"repeat","background-position":"center center","background-size":"auto","background-attachment":"scroll","background-type":"","background-media":"","overlay-type":"","overlay-color":"","overlay-opacity":"","overlay-gradient":""},"tablet":{"background-color":"","background-image":"","background-repeat":"repeat","background-position":"center center","background-size":"auto","background-attachment":"scroll","background-type":"","background-media":"","overlay-type":"","overlay-color":"","overlay-opacity":"","overlay-gradient":""},"mobile":{"background-color":"","background-image":"","background-repeat":"repeat","background-position":"center center","background-size":"auto","background-attachment":"scroll","background-type":"","background-media":"","overlay-type":"","overlay-color":"","overlay-opacity":"","overlay-gradient":""}},"ast-content-background-meta":{"desktop":{"background-color":"var(--ast-global-color-5)","background-image":"","background-repeat":"repeat","background-position":"center center","background-size":"auto","background-attachment":"scroll","background-type":"","background-media":"","overlay-type":"","overlay-color":"","overlay-opacity":"","overlay-gradient":""},"tablet":{"background-color":"var(--ast-global-color-5)","background-image":"","background-repeat":"repeat","background-position":"center center","background-size":"auto","background-attachment":"scroll","background-type":"","background-media":"","overlay-type":"","overlay-color":"","overlay-opacity":"","overlay-gradient":""},"mobile":{"background-color":"var(--ast-global-color-5)","background-image":"","background-repeat":"repeat","background-position":"center center","background-size":"auto","background-attachment":"scroll","background-type":"","background-media":"","overlay-type":"","overlay-color":"","overlay-opacity":"","overlay-gradient":""}},"footnotes":""},"class_list":["post-274","page","type-page","status-publish","hentry"],"_links":{"self":[{"href":"https:\/\/www.vetinnovate.com\/index.php\/wp-json\/wp\/v2\/pages\/274","targetHints":{"allow":["GET"]}}],"collection":[{"href":"https:\/\/www.vetinnovate.com\/index.php\/wp-json\/wp\/v2\/pages"}],"about":[{"href":"https:\/\/www.vetinnovate.com\/index.php\/wp-json\/wp\/v2\/types\/page"}],"author":[{"embeddable":true,"href":"https:\/\/www.vetinnovate.com\/index.php\/wp-json\/wp\/v2\/users\/1"}],"replies":[{"embeddable":true,"href":"https:\/\/www.vetinnovate.com\/index.php\/wp-json\/wp\/v2\/comments?post=274"}],"version-history":[{"count":36,"href":"https:\/\/www.vetinnovate.com\/index.php\/wp-json\/wp\/v2\/pages\/274\/revisions"}],"predecessor-version":[{"id":8706,"href":"https:\/\/www.vetinnovate.com\/index.php\/wp-json\/wp\/v2\/pages\/274\/revisions\/8706"}],"wp:attachment":[{"href":"https:\/\/www.vetinnovate.com\/index.php\/wp-json\/wp\/v2\/media?parent=274"}],"curies":[{"name":"wp","href":"https:\/\/api.w.org\/{rel}","templated":true}]}}